{"id":66,"date":"2022-10-18T08:20:29","date_gmt":"2022-10-18T08:20:29","guid":{"rendered":"https:\/\/www.patrolatrutnov.cz\/?page_id=66"},"modified":"2026-02-01T11:53:29","modified_gmt":"2026-02-01T11:53:29","slug":"hrali-jsme","status":"publish","type":"page","link":"https:\/\/www.patrolatrutnov.cz\/?page_id=66","title":{"rendered":"Hr\u00e1li jsme&#8230;"},"content":{"rendered":"\n<p>20.12.2025 &#8211; Tradi\u010dn\u00ed posezen\u00ed s Patrolou U Draka 20.00<\/p>\n\n\n\n<p>22.11.2025 &#8211; Tradi\u010dn\u00ed posezen\u00ed s Patrolou U Draka 20.00<\/p>\n\n\n\n<p>22.2.2025 &#8211; Tradi\u010dn\u00ed posezen\u00ed s Patrolou U Draka<\/p>\n\n\n\n<p>20.1.2024 &#8211; Tradi\u010dn\u00ed posezen\u00ed s Patrolou U Draka<\/p>\n\n\n\n<p>17.2.2024   &#8211; Tradi\u010dn\u00ed posezen\u00ed s Patrolou  U draka  &#8211; 20.00<\/p>\n\n\n\n<p>9.3.2024  &#8211;   Soukrom\u00e1 oslava U lazebnic<\/p>\n\n\n\n<p>22.3.2025 &#8211; tradi\u010dn\u00ed posezen\u00ed s Patrolou U draka 20.00<\/p>\n\n\n\n<p>21.6.2025 &#8211; Malo\u00fapsk\u00fd jarmark &#8211; Horn\u00ed Mal\u00e1 \u00dapa 10 &#8211; 12 hod<\/p>\n\n\n\n<p>21.6.2025 &#8211; Krkono\u0161sk\u00fd festival minipivovar\u016f Velk\u00e1 \u00dapa  15.00 &#8211; 17.00<\/p>\n\n\n\n<p>28.6.2025 &#8211; Motosraz &#8211; Radvanice 12 &#8211; 16 hod<\/p>\n\n\n\n<p>19.4.2025 &#8211; tradi\u010dn\u00ed posezen\u00ed s Patrolou U draka 20.00<\/p>\n\n\n\n<p>30.4.2025 &#8211; Velk\u00e1 \u00dapa &#8211; \u010carod\u011bjnice  17.30<\/p>\n\n\n\n<p>1.5.2025 &#8211;  Vl\u010dice Traktori\u00e1da  15.00<\/p>\n\n\n\n<p>24.5.2025 &#8211; tradi\u010dn\u00ed posezen\u00ed s Patrolou U draka 20.00<\/p>\n\n\n\n<p>29.3.2025 &#8211; narozeniny &#8211; soukrom\u00e1 akce<\/p>\n\n\n\n<p>19.4.2025 &#8211; tradi\u010dn\u00ed posezen\u00ed s Patrolou U draka 20.00<\/p>\n\n\n\n<p>30.4.2025 &#8211; Velk\u00e1 \u00dapa &#8211; \u010carod\u011bjnice  17.30<\/p>\n\n\n\n<p>1.5.2025 &#8211; Vl\u010dice Traktori\u00e1da 15.00<\/p>\n\n\n\n<p>6.6.2025 &#8211; Trutnov \u0161koln\u00ed poles\u00ed &#8211; \u010cesk\u00e9 lesnick\u00e9 dny 14.30 &#8211; 16.00<\/p>\n\n\n\n<p>21.4.2024 &#8211; Tradi\u010dn\u00ed posezen\u00ed s Patrolou U draka &#8211; 20.00<\/p>\n\n\n\n<p>27.4. 2024 &#8211; Narozeninov\u00e1 p\u00e1rty Svoboda n. \u00dapou -uzav\u0159en\u00e1 spole\u010dnost<\/p>\n\n\n\n<p>27.4. 2024 &#8211; Narozeninov\u00e1 p\u00e1rty Svoboda n. \u00dapou -uzav\u0159en\u00e1 spole\u010dnost<\/p>\n\n\n\n<p>30.4.2024 &#8211; \u010carodky &#8211; Velk\u00e1 \u00dapa 18.00<\/p>\n\n\n\n<p>18.5.2024 &#8211; Tradi\u010dn\u00ed posezen\u00ed s Patrolou U draka 20.00<\/p>\n\n\n\n<p>22.6.2024 &#8211; Malo\u00fapsk\u00fd jarmark &#8211; Horn\u00ed Mal\u00e1 \u00dapa 10.30<\/p>\n\n\n\n<p>22.6.2024 &#8211; Minipivovary  &#8211; Velk\u00e1 \u00dapa 13.00<\/p>\n\n\n\n<p>29.6.2024 &#8211; Motork\u00e1\u0159sk\u00fd sraz &#8211; motogul\u00e1\u0161e Radvanice 12.00<\/p>\n\n\n\n<p>6.7.2024 &#8211; Posezen\u00ed s Patrolou &#8211; Restaurace Delta Trutnov HSM<\/p>\n\n\n\n<p>21.9.2024 &#8211; soukrom\u00e1 p\u00e1rty na Orlici<\/p>\n\n\n\n<p>28.9.2024 &#8211; V.Svato\u0148ovice 15.00 &#8211; Svatov\u00e1clavsk\u00e1 pou\u0165<\/p>\n\n\n\n<p>19.10 &#8211; U Draka &#8211; Trutnov &#8211; tradi\u010dn\u00ed posezen\u00ed s Patrolou<\/p>\n\n\n\n<p>9.11.2024 &#8211; soukrom\u00e1 p\u00e1rty &#8211; Severka v Dolc\u00edch<\/p>\n\n\n\n<p>16.11.2024 &#8211; U Draka &#8211; Trutnov &#8211; tradi\u010dn\u00ed posezen\u00ed s Patrolou<\/p>\n\n\n\n<p>6.12.2024 &#8211; Polsko &#8211; Kamienna Gora &#8211; adventn\u00ed koncert<\/p>\n\n\n\n<p>28.12.2024 &#8211; P\u0159edsilvestrovk\u00e9 posezen\u00ed s Patrolou<\/p>\n\n\n\n<p>2023<\/p>\n\n\n\n<p>  18.02.2023 &#8211; Tradi\u010dn\u00ed posezen\u00ed s Patrolou U Draka<\/p>\n\n\n\n<p>  15.4.2023 &#8211; Tradi\u010dn\u00ed posezen\u00ed s Patrolou U Draka<\/p>\n\n\n\n<p>  22.4.2023 &#8211; Narozeninov\u00e1 party U lazebnic<\/p>\n\n\n\n<p>  13.5.2023 &#8211; Tradi\u010dn\u00ed posezen\u00ed s Patrolou U Draka<\/p>\n\n\n\n<p>  19.5.2023 &#8211; soukrom\u00e1 p\u00e1rty na Orlici<\/p>\n\n\n\n<p>27.5.2023 &#8211; festival d\u0159evo\u0159ezeb  pevnost Josefov<\/p>\n\n\n\n<p>10.6.2023 &#8211; \u0160pindler\u016fv Ml\u00fdn &#8211; svatba<\/p>\n\n\n\n<p>17.6.2023 &#8211; narozeninov\u00e1 p\u00e1rty  U lazebnic<\/p>\n\n\n\n<p>24.6.2023 &#8211; Malo\u00fapsk\u00fd jarmark<\/p>\n\n\n\n<p>8.7.2023 &#8211; Mar\u0161ovsk\u00e9 hudebn\u00ed se\u0161losti<\/p>\n\n\n\n<p>22.7.2023 &#8211; S\u00e1zava &#8211; Memori\u00e1l M\u00edry L\u00edznera<\/p>\n\n\n\n<p>19.8.2023 &#8211; Gul\u00e1\u0161e &#8211; Radvanice<\/p>\n\n\n\n<p>2.9.2023 &#8211; Krakono\u0161\u016fv gul\u00e1\u0161 Pec pod Sn\u011b\u017ekou <\/p>\n\n\n\n<p>15.9.2023 &#8211; Soukrom\u00e1 p\u00e1rty Orlice<\/p>\n\n\n\n<p>16.9.2023 &#8211; Tradin\u00ed posezen\u00ed s Patrolou U Draka<\/p>\n\n\n\n<p>7.10.2023 &#8211; Malo\u00fapsk\u00e1 Va\u0159e\u010dka<\/p>\n\n\n\n<p>21.10.2023  &#8211; Tradi\u010dn\u00ed posezen\u00ed s Patrolou U Draka  <\/p>\n\n\n\n<p>18.11.2023 &#8211; Tradi\u010dn\u00ed posezen\u00ed s Patrolou U Draka  20.00<\/p>\n\n\n\n<p>25.11.2023 &#8211; soukrom\u00e1 p\u00e1rty ve Voletin\u00e1ch<\/p>\n\n\n\n<p>9.12.2023 &#8211; Tradi\u010dn\u00ed posezen\u00ed s Patrolou U Draka  20.00<\/p>\n\n\n\n<p><strong>2022<\/strong><\/p>\n\n\n\n<p><\/p>\n\n\n\n<ul class=\"wp-block-list\">\n<li>08.01.2022 &#8211; Soukrom\u00e1 akce Svoboda n. \u00dapou<\/li>\n\n\n\n<li>19.02.2022 &#8211; Tradi\u010dn\u00ed posezen\u00ed U Draka<\/li>\n\n\n\n<li>19.03.2022 &#8211; Tradi\u010dn\u00ed posezen\u00ed U Draka<\/li>\n\n\n\n<li>16.04.2022 &#8211; Tradi\u010dn\u00ed posezen\u00ed U Draka<\/li>\n\n\n\n<li>04.06.2022 &#8211; Posezen\u00ed s Patrolou &#8211; Pecka<\/li>\n\n\n\n<li>18.06.2022 &#8211; Tradi\u010dn\u00ed posezen\u00ed U Draka<\/li>\n\n\n\n<li>23.07.2022 \u2013 Mar\u0161ovsk\u00e9 hudebn\u00ed se\u0161losti \u2013 Horn\u00ed Mar\u0161ov<\/li>\n\n\n\n<li>16.07.2022 \u2013 Den IZS Velk\u00e1 \u00dapa<\/li>\n\n\n\n<li>13.08.2022 \u2013 Kutnohorsk\u00e1 Koc\u00e1bka \u2013 Kutn\u00e1 Hora<\/li>\n\n\n\n<li>02.09.2022 &#8211; Soukrom\u00e1 akce  Peklo<\/li>\n\n\n\n<li>03.09.2022 \u2013 Gul\u00e1\u0161e \u2013 Pec pod Sn\u011b\u017ekou 11.30<\/li>\n\n\n\n<li>03.09.2022 \u2013 Rozlu\u010dka s l\u00e9tem Lhota u Trutnova 17.00<\/li>\n\n\n\n<li>22.10.2022 &#8211; Tradi\u010dn\u00ed posezen\u00ed U Draka<\/li>\n\n\n\n<li>29.10.2022 &#8211; Narozeninov\u00e1 party U lazebnic ( Trutnov )<\/li>\n\n\n\n<li>12.11.2022 &#8211; Svatomartinsk\u00e9 posezen\u00ed &#8211; hotel U z\u00e1mku Horn\u00ed Mar\u0161ov<\/li>\n\n\n\n<li>19.11.2022 &#8211; Tradi\u010dn\u00ed posezen\u00ed  s Patrolou  U Draka<\/li>\n\n\n\n<li>17.12.2022 &#8211; Tradi\u010dn\u00ed posezen\u00ed s Patrolou U Draka<\/li>\n<\/ul>\n","protected":false},"excerpt":{"rendered":"<p>20.12.2025 &#8211; Tradi\u010dn\u00ed posezen\u00ed s Patrolou U Draka 20.00 22.11.2025 &#8211; Tradi\u010dn\u00ed posezen\u00ed s Patrolou U Draka 20.00 22.2.2025 &#8211; Tradi\u010dn\u00ed posezen\u00ed s Patrolou U Draka 20.1.2024 &#8211; Tradi\u010dn\u00ed posezen\u00ed<a href=\"https:\/\/www.patrolatrutnov.cz\/?page_id=66\" class=\"more-link\"><span class=\"readmore\">Continue reading<span class=\"screen-reader-text\">Hr\u00e1li jsme&#8230;<\/span><\/span><\/a><\/p>\n","protected":false},"author":1,"featured_media":0,"parent":0,"menu_order":0,"comment_status":"closed","ping_status":"closed","template":"","meta":{"footnotes":""},"class_list":["post-66","page","type-page","status-publish","hentry"],"_links":{"self":[{"href":"https:\/\/www.patrolatrutnov.cz\/index.php?rest_route=\/wp\/v2\/pages\/66","targetHints":{"allow":["GET"]}}],"collection":[{"href":"https:\/\/www.patrolatrutnov.cz\/index.php?rest_route=\/wp\/v2\/pages"}],"about":[{"href":"https:\/\/www.patrolatrutnov.cz\/index.php?rest_route=\/wp\/v2\/types\/page"}],"author":[{"embeddable":true,"href":"https:\/\/www.patrolatrutnov.cz\/index.php?rest_route=\/wp\/v2\/users\/1"}],"replies":[{"embeddable":true,"href":"https:\/\/www.patrolatrutnov.cz\/index.php?rest_route=%2Fwp%2Fv2%2Fcomments&post=66"}],"version-history":[{"count":41,"href":"https:\/\/www.patrolatrutnov.cz\/index.php?rest_route=\/wp\/v2\/pages\/66\/revisions"}],"predecessor-version":[{"id":329,"href":"https:\/\/www.patrolatrutnov.cz\/index.php?rest_route=\/wp\/v2\/pages\/66\/revisions\/329"}],"wp:attachment":[{"href":"https:\/\/www.patrolatrutnov.cz\/index.php?rest_route=%2Fwp%2Fv2%2Fmedia&parent=66"}],"curies":[{"name":"wp","href":"https:\/\/api.w.org\/{rel}","templated":true}]}}